rue
Is 2 a factor of 1921?
False
Does 7 divide 1197?
True
Does 13 divide 6000?
False
Is 2170 a multiple of 35?
True
Does 26 divide 4698?
False
Does 197 divide 18811?
False
Is 396 a multiple of 12?
True
Is 3087 a multiple of 21?
True
Is 2831 a multiple of 149?
True
Is 1344 a multiple of 32?
True
Is 11 a factor of 1083?
False
Is 31 a factor of 393?
False
Is 8 a factor of 1558?
False
Is 39 a factor of 349?
False
Is 5597 a multiple of 62?
False
Does 13 divide 533?
True
Does 24 divide 2040?
True
Does 10 divide 4690?
True
Is 10 a factor of 738?
False
Is 86 a factor of 46182?
True
Does 23 divide 1906?
False
Does 19 divide 1121?
True
Is 4224 a multiple of 16?
True
Does 23 divide 862?
False
Is 57 a factor of 2153?
False
Is 1932 a multiple of 28?
True
Is 71 a factor of 2059?
True
Is 242 a multiple of 43?
False
Does 17 divide 157?
False
Is 2873 a multiple of 17?
True
Is 352 a factor of 24703?
False
Is 805 a multiple of 11?
False
Is 28 a factor of 756?
True
Is 8077 a multiple of 41?
True
Is 6 a factor of 42?
True
Does 11 divide 1177?
True
Is 630 a multiple of 30?
True
Is 529 a multiple of 23?
True
Is 4 a factor of 1013?
False
Is 3 a factor of 1219?
False
Does 9 divide 276?
False
Is 329 even?
False
Does 2 divide 2822?
True
Does 9 divide 10472?
False
Does 5 divide 303?
False
Does 12 divide 11035?
False
Is 19994 a multiple of 175?
False
Is 120 even?
True
Does 5 divide 310?
True
Is 31 a factor of 10385?
True
Is 89156 a multiple of 62?
True
Is 1189 a multiple of 29?
True
Does 4 divide 281?
False
Is 581 a multiple of 12?
False
Is 103883 a multiple of 106?
False
Does 70 divide 8120?
True
Is 27717 a multiple of 13?
False
Does 25 divide 1000?
True
Does 8 divide 456?
True
Is 8 a factor of 3294?
False
Is 15060 a multiple of 22?
False
Is 1598 a multiple of 17?
True
Is 5 a factor of 4950?
True
Does 56 divide 4577?
False
Does 19 divide 20600?
False
Does 34 divide 9350?
True
Is 18 a factor of 75330?
True
Is 6 a factor of 450?
True
Is 16 a factor of 7904?
True
Does 19 divide 3154?
True
Is 10 a factor of 31505?
False
Is 211 a factor of 58025?
True
Is 37 a factor of 14130?
False
Does 35 divide 3045?
True
Is 3 a factor of 426?
True
Does 4 divide 2765?
False
Is 50 a factor of 11243?
False
Is 12690 a multiple of 3?
True
Is 9 a factor of 4212?
True
Is 2170 a multiple of 16?
False
Is 21604 a multiple of 108?
False
Is 21 a factor of 11991?
True
Is 50 a factor of 1529?
False
Is 11 a factor of 319?
True
Is 21002 a multiple of 195?
False
Is 10 a factor of 64810?
True
Is 501 a multiple of 30?
False
Does 76 divide 38228?
True
Does 66 divide 11550?
True
Is 27 a factor of 11043?
True
Does 57 divide 15423?
False
Does 13 divide 1040?
True
Is 11 a factor of 792?
True
Does 11 divide 8222?
False
Is 8 a factor of 3095?
False
Is 6968 a multiple of 19?
False
Is 176 a multiple of 16?
True
Does 7 divide 392?
True
Does 29 divide 1309?
False
Is 3471 a multiple of 8?
False
Is 2 a factor of 21?
False
Does 50 divide 2080?
False
Does 19 divide 817?
True
Does 12 divide 77?
False
Does 9 divide 4626?
True
Is 49 a factor of 55402?
False
Is 517 a multiple of 13?
False
Does 10 divide 16249?
False
Is 21 a factor of 7938?
True
Is 11 a factor of 3399?
True
Is 19 a factor of 640?
False
Is 23 a factor of 19879?
False
Does 4 divide 132?
True
Is 24 a factor of 19359?
False
Is 3470 a multiple of 14?
False
Does 23 divide 136?
False
Is 9587 a multiple of 2?
False
Is 4 a factor of 208?
True
Is 1416 a multiple of 118?
True
Is 3609 a multiple of 8?
False
Is 32102 a multiple of 47?
False
Is 110 a factor of 7195?
False
Is 13960 a multiple of 8?
True
Is 1132 a multiple of 70?
False
Is 32 a factor of 5760?
True
Does 8 divide 1197?
False
Is 295 a multiple of 58?
False
Does 68 divide 2244?
True
Is 24 a factor of 8976?
True
Does 52 divide 4766?
False
Is 13336 a multiple of 12?
False
Is 52 a factor of 5252?
True
Does 57 divide 864?
False
Does 5 divide 130?
True
Is 2171 a multiple of 39?
False
Does 11 divide 507?
False
Does 20 divide 55141?
False
Does 2 divide 8946?
True
Is 365 a multiple of 28?
False
Does 25 divide 800?
True
Does 5 divide 585?
True
Is 2943 a multiple of 9?
True
Is 1656 a multiple of 6?
True
Does 4 divide 96?
True
Does 32 divide 416?
True
Does 3 divide 114?
True
Is 39372 a multiple of 12?
True
Is 495 a multiple of 11?
True
Is 154 a factor of 10934?
True
Is 21 a factor of 529?
False
Is 1284 a multiple of 128?
False
Is 1398 a multiple of 16?
False
Is 4864 a multiple of 32?
True
Is 39 a factor of 3042?
True
Does 6 divide 2904?
True
Is 842 a multiple of 8?
False
Is 168 a factor of 1680?
True
Does 36 divide 972?
True
Does 51 divide 1020?
True
Does 22 divide 4421?
False
Is 2261 a multiple of 17?
True
Does 12 divide 791?
False
Does 22 divide 14630?
True
Does 10 divide 1147?
False
Does 56 divide 69?
False
Is 7956 a multiple of 12?
True
Does 10 divide 7737?
False
Does 190 divide 14250?
True
Is 14 a factor of 448?
True
Is 746 a multiple of 5?
False
Is 22 a factor of 38?
False
Does 94 divide 1596?
False
Does 11 divide 95753?
False
Is 2934 a multiple of 9?
True
Is 24 a factor of 910?
False
Does 128 divide 27727?
False
Does 82 divide 82?
True
Is 33 a multiple of 33?
True
Does 19 divide 18487?
True
Is 12144 a multiple of 69?
True
Is 871 a multiple of 3?
False
Does 59 divide 120?
False
Does 27 divide 17997?
False
Does 54 divide 987?
False
Is 941 a multiple of 11?
False
Does 8 divide 13291?
False
Is 230 a factor of 31050?
True
Is 14 a factor of 1426?
False
Is 50 a factor of 2300?
True
Is 5 a factor of 616?
False
Is 4620 a multiple of 55?
True
Is 84 a factor of 4956?
True
Does 87 divide 86478?
True
Is 10 a factor of 260?
True
Is 132 a factor of 56100?
True
Does 46 divide 102?
False
Is 14 a factor of 11704?
True
Does 15 divide 900?
True
Is 19 a factor of 3021?
True
Is 39 a factor of 4601?
False
Does 44 divide 5852?
True
Does 62 divide 6000?
False
Does 79 divide 723?
False
Is 11 a factor of 1220?
False
Does 26 divide 73541?
False
Is 30 a factor of 100050?
True
Does 10 divide 66344?
False
Does 2 divide 357?
False
Does 16 divide 78320?
True
Is 4965 a multiple of 111?
False
Does 224 divide 35616?
True
Does 22 divide 17314?
True
Does 28 divide 8148?
True
Is 52 a factor of 8714?
False
Does 16 divide 160?
True
Is 71 a factor of 1207?
True
Does 19 divide 254?
False
Does 19 divide 1685?
False
Is 15 a factor of 1403?
False
Is 11320 a multiple of 13?
False
Does 13 divide 962?
True
Is 9890 a multiple of 10?
True
Does 19 divide 3647?
False
Is 109 a factor of 1528?
False
Is 267 a multiple of 38?
False
Does 48 divide 3768?
False
Is 9187 a multiple of 21?
False
Is 40 a factor of 3040?
True
Does 77 divide 3540?
False
Is 11 a factor of 1406?
False
Does 17 divide 51?
True
Is 20 a factor of 71000?
True
Is 61400 a multiple of 40?
True
Does 42 divide 4463?
False
Is 3 a factor of 6434?
False
Does 20 divide 5320?
True
Does 6 divide 42580?
False
Is 20 a factor of 4460?
True
Does 3 divide 1024?
False
Does 164 divide 2788?
True
Does 23 divide 752?
False
Does 39 divide 3744?
True
Is 5412 a multiple of 12?
True
Is 11800 a multiple of 40?
True
Is 668 a multiple of 6?
False
Does 21 divide 1113?
True
Is 149 a multiple of 15?
False
Is 33 a factor of 693?
True
Does 23 divide 33864?
False
Is 28 a factor of 1389?
False
Does 24 divide 14784?
True
Is 12228 a multiple of 159?
False
Does 18 divide 4842?
True
Is 18 a factor of 648?
True
Is 420 a multiple of 21?
True
Does 30 divide 80730?
True
Is 12668 a multiple of 73?
False
Is 858 a multiple of 11?
True
Is 6 a factor of 425?
False
Is 40 a factor of 1699?
False
Does 12 divide 15636?
True
Does 11 divide 1388?
False
Is 176 a multiple of 4?
True
Does 200 divide 32000?
True
Does 5 divide 491?
False
Does 8 divide 1720?
True
Is 51 a multiple of 3?
True
Is 1599 a multiple of 48?
False
Does 39 divide 3042?
True
Is 27 a factor of 279?
False
Is 42 a multiple of 3?
True
Is 3 a factor of 8344?
False
Is 75 a factor of 4950?
True
Is 853 a multiple of 16?
False
Does 10 divide 10400?
True
Does 15 divide 23175?
True
Does 36 divide 1168?
False
Does 281 divide 49552?
False
Is 104 a factor of 11923?
False
Is 22 a factor of 25520?
True
Does 6 divide 713?
False
Does 5 divide 9040?
True
Is 18408 a multiple of 59?
True
Is 61 a factor of 64924?
False
Is 56 a factor of 710?
False
Is 307 a multiple of 13?
False
Is 84 a multiple of 28?
True
I